(j).
13
Suppose 62*h = 57*h + m + 26, 3*h = 4*m + 36. Let s(d) = -6*d - 2. Calculate s(h).
-26
Let h(o) be the second derivative of 142*o + 0 - 2/3*o**3 - 1/2*o**2. Suppose -2*n + 0*t = -5*t - 16, 3*t = n - 10. Determine h(n).
7
Let i(n) be the first derivative of 2*n**3/3 - 5*n**2 + 7*n - 2359. Calculate i(4).
-1
Let k(p) = p**2 + 21*p + 103. Let r be k(-13). Let f(a) = -1065*a. Let b(t) = 13*t. Let g(j) = -165*b(j) - 2*f(j). Determine g(r).
15
Suppose -2*j + 15 = 11. Suppose 5*b - 3*t = -j*t + 20, -25 = 5*t. Let d(m) = 6*m**2 - 2*m - 4. Give d(b).
44
Let k(i) = -13*i**3 - 6*i**2 + 12*i - 10. Let p(j) = 7*j**3 + 4*j**2 - 6*j + 2. Let r(h) = -6*k(h) - 11*p(h). What is r(8)?
-10
Let j(b) be the first derivative of 2*b**2 + 27*b - 48. Let t(v) = v + 6. Let y(z) = -4*j(z) + 18*t(z). What is y(-5)?
-10
Let f be (-528)/112 + 1/(28/(-8)). Let s(m) = m**3 + 8*m**2 + 15*m + 7. Give s(f).
7
Let d(z) = -34 + 17*z + 114 + 51 + 5 - 6*z. Give d(-13).
-7
Let h be (4/2)/(27/648*-4). Let c(x) = -x**3 - 11*x**2 + 16*x + 22. What is c(h)?
-26
Let k = 18 - 26. Let v(n) = -2*n - 14. Let x be v(k). Let s(w) = 3*w - 2. Let m be s(x). Let g(q) = 4*q - 2. Calculate g(m).
14
Let k(g) = -g**2 + 5*g + 1. Let w = 63 - 189. Let y = 129 + w. Calculate k(y).
7
Let m(a) = -a**2 - 11*a + 7. Let t be 12/3 - (5 - 4). Suppose -6*w - 48 = 4*k - 9*w, -36 = t*k - 2*w. Calculate m(k).
-5
Let t(f) = -6*f + f + 3*f + 9. Let i(b) be the first derivative of -9*b**2/2 - 75*b - 50. Let z be i(-9). What is t(z)?
-3
Suppose p - 19 = 4*b - 45, -b + 2 = 2*p. Let d(o) = -6 + 12*o**2 + 12*o - 3*o + 0 - 13*o**2. Give d(b).
12
Let b be (-15)/(975/(-140)) - 2/13. Suppose -2*i - b*c = -2, -3*c + 0*c - 18 = -4*i. Let q(k) = 9*k - 3. Determine q(i).
24
Suppose 2*a - 2 = -2*z, -185 = -4*z + 5*a - 172. Let c(q) be the first derivative of 5 - 7*q + 1/2*q**z. Give c(8).
1
Let m(d) = d + 6. Let b = 15797 - 15801. What is m(b)?
2
Suppose 978 - 333 = 43*p. Let z(k) = -k**3 + 18*k**2 - 46*k + 26. Give z(p).
11
Let j(a) = -4 - 2*a**2 - 23*a + 45*a - 26*a - 24*a. Suppose -3*u - 36 = 2*s, 4*u + 60 = 5*s - 11. What is j(u)?
-4
Let w(t) = -8*t + 42. Let c = -841 + 849. Give w(c).
-22
Let p be (-3)/6*-1*6. Let v = -79 - -81. Let i(g) = -4 - 2 - g**3 + 3*g + 3 + g**v - 4*g. Give i(p).
-24
Let y(v) be the second derivative of -v**5/20 + 3*v**4/2 - 14*v**3/3 - 19*v**2/2 + 50*v + 22. Give y(16).
45
Let z(p) = -6*p**2 + 4*p + 9. Let l(y) = 3*y**2 - 2*y - 4. Let u(m) = 9*l(m) + 4*z(m). Suppose 11*g = 7 - 29. Calculate u(g).
16
Let n(g) = 4*g**3 + 60*g**2 + 23*g + 10. Let y(w) = -3*w**3 - 47*w**2 - 18*w - 8. Let o(r) = -11*n(r) - 14*y(r). What is o(1)?
-3
Let y(m) be the second derivative of -m**4/6 - 7*m**3/6 - 2*m**2 - 2*m - 442. Calculate y(-4).
-8
Suppose -3*p + w + 21 = 2*p, -5*p + 3*w + 23 = 0. Suppose -5*f - 2*s + 7*s + 45 = 0, -p*f - 5*s + 18 = 0. Let z(b) = b**2 - 12*b + 5. Give z(f).
-30
Let j(q) = -7*q - 1. Let i be 1/6 - (-2)/(-12). Suppose i = -2*g + 2*y + 10, 4*y + 10 = -4*g + 2*y. Suppose 2*c - c - 1 = g. Give j(c).
-8
Let p(c) = -c**2 - 1. Let g(v) = -5*v**2 + 6*v - 6. Let s(k) = g(k) - 4*p(k). Let f = -1428 - -1432. Calculate s(f).
6
Let b(w) = -21 + 21 - w. Let k(l) = l**3 + 16*l**2 - 78*l + 34. Let q be k(-20). Calculate b(q).
6
Let j = -2398 - -2402. Let s(g) = -g**3 + 4*g**2 - 6*g + 25. Calculate s(j).
1
Suppose -28*q + 48 = -36. Let x(i) = -19*i**q - 44*i + 20*i**3 - 12*i**2 + 31*i - 8. Give x(13).
-8
Let r(i) = -9 - 7*i**2 + 0*i - 5*i - 1 - i + 16. Calculate r(1).
-7
Suppose -5*x + 1054 - 766 = 19*x. Let g(z) = 2*z**2 - 19*z - 45. Determine g(x).
15
Let w(d) be the third derivative of -d**7/60 - d**6/360 - d**5/60 - d**4/24 + 181*d**3/6 + 48*d**2. Let m(b) be the first derivative of w(b). What is m(-1)?
14
Let q = -19 + 24. Let f(s) = -q - s**2 + 2 + 5. Suppose -2*h + 7*z = 12*z + 4, 3*z = -2*h - 4. Calculate f(h).
-2
Let k(z) = 13*z**2 + 4*z + 19*z**2 + z + 1 + 5*z**2 - 35*z**2 - 6*z**3. What is k(-2)?
47
Let o = -19907 + 19911. Let s(x) be the second derivative of -1/3*x**o + 0 - 1/20*x**5 - 15*x - x**2 - 1/3*x**3. What is s(-3)?
-5
Let x(v) = -9*v + 4 - 13*v - 13*v + 33*v. Let o(d) = d**2 - d - 18. Let u be o(8). Suppose 0*y + 5*y + u = -2*z, -5*z - 20 = 0. What is x(y)?
16
Suppose 71*c = -1018 - 1254. Let v(k) = -k**3 - 33*k**2 - 33*k - 26. Calculate v(c).
6
Let a = 84 + -147. Let g be (3/1)/(a/(-147)). Suppose g*w - 3 = 4. Let u(m) = 2*m**2. Determine u(w).
2
Let o(t) = 11*t**3 - 18*t**2 + 43*t + 32. Let k(a) = 2*a**3 - a**2 + a + 2. Let s(y) = -6*k(y) + o(y). What is s(-15)?
140
Let y = 43 + -41. Suppose -y*h - 14 = -4*h. Let o(v) = -9 + 11*v - 2*v - h*v - v. Calculate o(5).
-4
Let i(u) = 10*u - 1. Suppose 3*n = 5*f - 8, 2*f - 4*n = -122 + 142. Give i(f).
-21
Let a(w) = w - 50. Let t(u) = -10*u + 221. Let g(r) = -5*a(r) - t(r). What is g(-20)?
-71
Let o(s) = 2*s**2 + 14*s + 4. Let f(y) = 73*y + 285. Let b be f(-4). Calculate o(b).
4
Let c(k) be the third derivative of k**6/60 + k**5/60 - 3*k**4/8 - 7*k**3/6 - 2850*k**2. Determine c(-3).
-25
Let m(n) = 6*n**2 - 29*n - 40. Let p be m(6). Let o(s) be the first derivative of s**p + 3*s + 2/3*s**3 - 35 - 1/4*s**4. Give o(4).
-21
Let x(o) = -o**3 - 17*o**2 + 17*o - 5. Suppose 0 = -3*m + 2*i - 42, 4*m + 22*i + 78 = 21*i. Determine x(m).
13
Let r(i) = i**2 - 10*i + 12. Suppose 3*b + 383 = -190. Let f = b - -199. What is r(f)?
-4
Let t(f) be the third derivative of 11*f**4/24 + 11*f**3/6 + 1866*f**2. Give t(2).
33
Let t(c) = 11*c + 115. Let j(i) = -32*i - 347. Let o(u) = -4*j(u) - 11*t(u). Calculate o(-15).
18
Let l(i) = 4 + 1 + 5 - i. Suppose -17291*q + 576 = -17219*q. What is l(q)?
2
Let a(l) be the second derivative of l**6/60 - l**5/40 + l**4/4 - 29*l**2/2 - 8*l + 11. Let x(p) be the third derivative of a(p). Give x(3).
33
Let p = 66 - 61. Let o(u) = -p - 214*u + 216*u + 1. Let s(h) = -h. Let k(t) = -o(t) - 3*s(t). What is k(3)?
7
Let d(x) be the third derivative of -x**5/60 + x**4/12 + x**3/6 - x**2. Let j(n) be the first derivative of d(n). Let k = 593412 + -593407. What is j(k)?
-8
Let k(b) = -15*b**2 + b + 1. Let q be (-17)/34 + (-2)/4. Let t be k(q). Let z be 2/(-3) - 10/t. Let w(j) = j**3 + j**2 + j - 20. Determine w(z).
-20
Let f(o) = 3*o**2 + 27*o - 274. Let y be f(6). Let t(w) be the third derivative of -w**5/30 - 5*w**4/24 - 2*w**3/3 - 2*w**2. Give t(y).
-16
Let i(l) = -52 - 40*l + 2*l - 42*l + 77*l. Give i(19).
-109
Let x(z) = -82*z**2 - 8*z + 29*z**2 + 54*z**2 + 2. What is x(8)?
2
Let q(o) be the first derivative of -6*o**2 - 28*o - 999. Determine q(-3).
8
Let h = -11 - 73. Let l = -82 - h. Let t(v) = -2*v. Determine t(l).
-4
Let k(w) be the first derivative of w**3/6 + 5*w**2 - 7*w + 3. Let y(l) be the first derivative of k(l). Let r be 78/52 - (-90)/(-12). What is y(r)?
4
Let r(n) be the first derivative of 2*n**4 - 2*n**3/3 + n**2 - n + 2. Let s(d) = -7*d**2 + 53*d - 89. Let k be s(5). Calculate r(k).
7
Let j(b) = b + 8. Suppose 3*m = 1329 + 267. Let n = m - 539. Determine j(n).
1
Let n(k) = k**3 + 25*k**2 - k - 27. Suppose -128*l + 9 = -129*l - 4*u, 0 = 4*l + u + 96. Calculate n(l).
-2
Let r(a) = -3*a - 14. Let n(i) = 4*i + 18. Let t(l) = 2*n(l) + 3*r(l). Let d(k) = k + 8. Let f(h) = -4*d(h) - 6*t(h). Calculate f(-6).
-8
Let k = 1430 + -1443. Let x(f) = 2*f - 31. Give x(k).
-57
Let m(c) = -9*c**3 - 16*c**3 + 513 + 3*c**3 - 6*c**2 - 514. Let z(s) = 44*s**3 + 13*s**2 + 2. Let r(y) = 13*m(y) + 6*z(y). Calculate r(-1).
21
Let f = -161 + 155. Let y(m) = -m**3 + 5*m**2 - 8*m + 10. Let w(a) = -a**3 + 5*a**2 - 7*a + 9. Let v(x) = f*y(x) + 7*w(x). Give v(5).
-2
Let f(k) = k**3 + 68*k**2 - 51*k**2 + 4 + 7 + 6 - 16*k**2 - 17*k. Give f(-5).
2
Suppose 350 = 68*n + 2*n. Let s(l) be the third derivative of 1/2*l**3 - 1/12*l**5 + 0*l + 1/120*l**6 + 0*l**4 - 3*l**2 + 0. Determine s(n).
3
Let v(g) = -2 - 6 - 180*g + 172*g - 5 + 16. Suppose -4*k = -s - 24, -3*s + 14 = 2. Let b(d) = d**3 - 8*d**2 + 7*d + 2. Let h be b(k). Give v(h).
-13
Let m(n) = -7*n**3 - 129*n**2 + 45*n - 40. Let d(p) = -15*p**3 - 256*p**2 + 90*p - 78. Let l(c) = -4*d(c) + 9*m(c). What is l(-46)?
-2
Let u(a) = 2*a**3 + a**2 + 1 - 3*a**3 - 2. Let t(o) = 7*o**3 - 4*o**2 - o + 5. Let z(h) = t(h) + 6*u(h). Let p = -9279 + 9276. Give z(p).
-7
Suppose -3*t = 18, -1 = 3*h - 2*t - 25.